*y + c = 2*y. What is the greatest common factor of 70 and d?
14
Suppose 4*s - 2*i - 990 = 1344, -3*i = -2*s + 1161. Let a be (-15 - -42)/((-3)/(-10)). What is the greatest common factor of s and a?
45
Suppose 2*k = -373*h + 378*h + 5802, -2*h + 8646 = 3*k. What is the greatest common factor of k and 333?
111
Let z(s) = -s**3 + 7*s**2 + 9*s + 26. Let m be z(6). Suppose 13*t = m + 92. What is the highest common factor of 128 and t?
16
Suppose 5*l = 2*w - 57 + 38, 0 = 5*w + 4*l - 97. Let j be -23*3/9*3. Let a = 40 + j. What is the greatest common divisor of a and w?
17
Suppose -5*y + 826 = -224. Let o be (-90)/y + -1*(-930)/14. Let u be (4/(-5))/(4/(-110)). What is the greatest common factor of o and u?
22
Let m = 9 + -2. Suppose -428 = -16*g + 1476. What is the highest common divisor of m and g?
7
Let n = 9525 + -9507. What is the greatest common divisor of 5274 and n?
18
Suppose 2*m = 60*o - 55*o - 232, -5*m = -3*o + 143. What is the greatest common divisor of 1748 and o?
46
Suppose -102 = -5*s - 4*k, 44 = 2*s - 5*k - 10. Let l be (-4 - 72/(-16)) + (-857)/(-2). Calculate the greatest common factor of s and l.
11
Let j = 63 + -69. Let p be (j/(-7))/(1/161). Suppose 4*s - 4*a + a - p = 0, -5*s - 5*a = -190. Calculate the highest common divisor of s and 180.
36
Let t(g) = -1789*g + 7476. Let c be t(4). What is the highest common divisor of 15 and c?
5
Suppose 0 = -5*c + q + 152, 0 = q - 3. Let r be (-8)/(-2) + -3 + c. Let a be (136/(-51))/((2/120)/(-1)). What is the greatest common divisor of a and r?
32
Let o(d) = -d**3 - 8*d**2 - 13*d + 7. Suppose 11*r - 51 = 8*r. Suppose 0 = 4*b + 7 + r. Let j be o(b). What is the greatest common divisor of 143 and j?
13
Let c = -407 + 3213. What is the highest common factor of c and 244?
122
Let y(r) = -127*r + 219. Let g be y(1). What is the highest common factor of 148 and g?
4
Let r = -16069 + 16094. What is the highest common factor of 4225 and r?
25
Suppose -18814*n = -18823*n + 12816. Calculate the highest common divisor of n and 24.
8
Suppose b = s + 5*b + 7, 4*s + 5*b - 5 = 0. Suppose s*p + 374 = 22*p. Calculate the greatest common factor of p and 66.
22
Let x be (9 - (-4 + 9)) + 11. What is the greatest common divisor of x and 415?
5
Let h = -13506 - -13598. Calculate the highest common factor of 529 and h.
23
Suppose -u + 2*u + 3 = -3*z, 4*u + 4*z = 4. Suppose -6 = h + 7*x - 11*x, 0 = -3*h + u*x. Calculate the greatest common divisor of h and 16.
2
Let b be (-4 - (4 - 108/16))*-4. Let a be 1/b - (-2356)/95. Calculate the greatest common factor of 125 and a.
25
Let d(y) = -201*y**3 + 24*y**2 + 110*y - 36. Let v be d(-4). Calculate the highest common divisor of v and 496.
124
Suppose 19 = m - 3*p, -m + 27*p = 30*p + 11. Suppose m*i = 2*u - 146, -35*u + i - 247 = -39*u. What is the highest common factor of 1071 and u?
63
Let b be (-430)/(-14) - (-35)/((-245)/(-2)). What is the highest common factor of 1519 and b?
31
Let i be 3/(-12) - 38055/20. Let v be i/(-7) + (-3)/(-21). Let d be (v + -12)*8/10. Calculate the highest common divisor of d and 26.
26
Let w be (-1)/(4/(-2)*(-9)/18). Let d = w - -1. Let j be -2*(d + -4 - (-9)/3). What is the greatest common divisor of 6 and j?
2
Let m(l) = -3*l - 25. Let s be m(-9). Let n(w) = w**3 + 5 + 3 - 718*w - 10*w**s + 707*w. Let a be n(11). What is the highest common divisor of a and 16?
8
Let l = 4466 + -4457. Calculate the greatest common factor of l and 711.
9
Suppose -586 = -14*h + 30. Let w be (-24)/32 + (5761/28 - -4). What is the highest common divisor of h and w?
11
Let m be 20/(-100) + 39294/45. What is the highest common factor of m and 162?
9
Let a(l) = -27*l - 141. Let u be a(-5). Let v be (-14)/21 - 256/u. What is the highest common divisor of v and 96?
6
Let s be 9*5/(5/109). Let k = -414 + s. Calculate the greatest common factor of k and 81.
81
Let x(h) = -6*h**2 - 4*h + 1. Let f be x(2). Let c = -26 - f. Let g = 167 - 122. Calculate the highest common divisor of c and g.
5
Let w be ((-26)/6)/(152/(-30) - -5). Let m = -46 - -51. What is the greatest common divisor of m and w?
5
Let u(b) = -45*b - 210. Let q(c) = 45*c + 208. Let j(x) = -6*q(x) - 5*u(x). Let m be j(-6). What is the highest common divisor of 18 and m?
18
Let p(j) = 9*j + 27 - 2*j + 101 - 6*j. Let t be p(-19). Calculate the highest common factor of 218 and t.
109
Let n = 8122 + -7456. What is the highest common divisor of 6771 and n?
111
Let r = 1385 + -769. Suppose -13*h + r = -2*h. What is the highest common factor of 42 and h?
14
Let n(s) = s**2 + 15*s + 11. Let u be 16/(16/(-4)) - 10. Let m be n(u). Let r be (-9)/(0 + -3) - m. What is the highest common factor of 4 and r?
2
Let y(o) = -95 + 66093*o - 56 - 66098*o. Let c be y(-33). What is the greatest common divisor of c and 511?
7
Let a(o) = 26*o + 164. Let g be a(8). Suppose 282 = -9*x + g. What is the greatest common divisor of x and 6?
2
Suppose 4*o - 32 = -4*p, -3*o = -0*p + 2*p - 21. Let u be 0 + p + 1 + -5 + -1. Let k be 7/(18/8 + 4/u). Calculate the greatest common factor of k and 196.
28
Suppose 24 = -0*x + x. Suppose 469 = 3*b + h, -b + 620 = 3*b - 4*h. Let c = -108 + b. What is the highest common factor of x and c?
24
Let a(p) = -110*p + 24*p - 95*p - 67. Let f be a(-4). Calculate the highest common factor of f and 9.
9
Suppose -4*s - 158 = -h + s, 5*s = 5*h - 710. Let m be 126/9 - ((-2)/(-2) - -7). Calculate the highest common factor of m and h.
6
Suppose -14*p + 80 = -1530. Let f = -113 + p. What is the greatest common divisor of f and 166?
2
Suppose 0 = 5*w + 10*w - 4170. Let r = 298 - w. Calculate the highest common factor of 140 and r.
20
Let t = -81 - -118. Suppose 24 = -5*u + 149. Let o = t - u. Calculate the highest common factor of 30 and o.
6
Let l(t) = 2*t**2 + 209*t + 204. Let d be l(-120). Calculate the highest common factor of d and 24.
12
Let m(o) = -64*o**2 + 321*o + 27. Let d be m(5). Let h = -6 - -12. What is the greatest common divisor of d and h?
2
Suppose -113 = -2*n + 5*w, 3*w + 0*w = 4*n - 205. Let z be (980/5)/((-2)/(-4)). What is the highest common divisor of n and z?
49
Let f = 5 - 3. Suppose -196 + 160 = -12*x. Suppose x*k = 2*t + 2*t + 64, 2*t = f*k - 44. Calculate the highest common factor of k and 60.
12
Let y = 2592 - 1877. Suppose -m = -5*x - 6, -2*m + 2*x + 40 = -x. Suppose 21*l = m*l - y. What is the highest common divisor of l and 13?
13
Let d = 20 + 26. Suppose -26*m + 28*m - 472 = 0. Let v = m + -121. Calculate the highest common factor of v and d.
23
Let c = 5 + 38. Let x(o) = 36*o. Let d be x(0). Suppose -5*l + 4*g + 665 = d, -l - 6*g + 109 = -2*g. Calculate the highest common factor of l and c.
43
Let o be ((-1287)/22)/((-6)/(-16)). Let w = o - -159. Let h be 4 - (3/3 - 0). What is the highest common factor of h and w?
3
Let x = 24785 - 4116. Calculate the highest common factor of 11 and x.
11
Suppose -13*t - 2953 = -41. Let y = 88 - t. Calculate the highest common factor of y and 48.
24
Suppose -3136 = -834*d + 778*d. What is the greatest common factor of d and 992?
8
Let l(b) = 29*b + 3. Let f be l(-1). Let z be 86/4 - (-13)/f. Let n be -1*28/(-12)*72. Calculate the highest common factor of z and n.
21
Let x(t) = 11*t - 6. Let a be x(3). Let f be ((-2)/3)/(1/(-15)). Let c be (-70)/42*(-18)/f. Calculate the greatest common factor of c and a.
3
Let x(h) = -h**2 - 14*h + 4. Let z be x(0). Suppose z*c = 3*d - 27 + 189, -3*d = -6. What is the greatest common factor of c and 48?
6
Suppose 5*q = 7534 + 156. Let i = q + -850. Calculate the greatest common factor of 43 and i.
43
Suppose 19*u = -41 - 73. Let b be 28/u*(-333)/6. Calculate the greatest common factor of b and 7.
7
Let q(k) = -17*k**3 + 3*k**2 - 129*k - 694. Let g be q(-6). What is the greatest common factor of g and 120?
20
Suppose -4 = v - 5, -v = 2*i - 21. Suppose 61*w - 67*w = 84. Let y be w + 15 + (2 - -67). Calculate the greatest common divisor of i and y.
10
Let c(q) = 3*q**2 + 5*q + 1. Let l be c(-2). Let x be ((-124)/20)/(l/(-30)). What is the highest common divisor of 496 and x?
62
Let a be (28 - 16)*(-7)/2 + 4. Let p be 63/2 + 19/a. Calculate the greatest common divisor of p and 155.
31
Let p be (-11)/((-77)/1008)*2. Let u = p - 188. What is the highest common divisor of u and 75?
25
Let o(c) = -c**3 - 7*c**2 +